NOAA-Style Climate Reports


Report for 2024 April

Daily NOAA report



                            MONTHLY CLIMATOLOGICAL SUMMARY for APR. 2024

NAME: Turkey Ridge   CITY: Justiceburg STATE: Texas
ELEV: 2386 LAT: 033:03:00 LONG: 0101:09:45

                            TEMPERATURE ( °F), RAIN (in.), WIND SPEED (mph)

                                               HEAT     COOL           AVG
      MEAN                                     DEG      DEG            WIND                       DOM
DAY   TEMP    HIGH   TIME     LOW    TIME      DAYS     DAYS    RAIN   SPEED    HIGH    TIME      DIR
--------------------------------------------------------------------------------------------------------
01    67.7   082.0   16:23    52.2   23:18     00.0     02.7   00.00   07.4     42.5    18:09     WNW
02    53.1   062.2   14:52    39.6   07:41     11.8     00.0   00.00   09.7     29.9    03:23     NNW
03    58.6   079.3   17:15    37.6   06:04     06.4     00.0   00.00   06.0     19.6    16:14      NW
04    66.8   087.4   17:09    46.2   08:10     00.0     01.9   00.00   04.9     19.6    16:34     WSW
05    69.9   084.9   15:21    54.3   06:44     00.0     05.0   00.00   09.6     32.2    12:33     SSW
06    70.0   080.8   16:31    55.8   00:00     00.0     05.1   00.00   17.2     38.0    04:16     WSW
07    62.7   079.3   17:50    48.9   07:54     02.2     00.0   00.00   11.8     33.4    13:10     WNW
08    58.1   077.7   15:45    41.4   08:10     06.9     00.0   00.08   05.0     24.1    16:49      NE
09    49.2   055.6   00:02    43.0   07:52     15.7     00.0   00.00   09.1     27.6    06:30     NNE
10    56.0   068.4   17:35    46.0   07:21     09.0     00.0   00.80   10.5     31.1    17:33      N 
11    56.8   072.0   18:07    40.6   07:50     08.1     00.0   00.00   05.4     19.6    12:01     ENE
--------------------------------------------------------------------------------------------------------
60.8 (60.7)   87.4  day 04     37.6  day 03   060.1    014.7   00.88   08.8     42.6   day 01     WNW
Max >  86: 1
Min <  86: 11
Max Rain: 0.80 ON 10-04-24
Days of Rain: 2 (> .008in) 2 (> .08in) 1 (> 0.8in)